 digit of 7532?
7
What is the units digit of 45325?
5
What is the units digit of 1379?
9
What is the thousands digit of 21981?
1
What is the tens digit of 330?
3
What is the tens digit of 4837?
3
What is the units digit of 39?
9
What is the hundreds digit of 2409?
4
What is the units digit of 100577?
7
What is the tens digit of 3673?
7
What is the tens digit of 294?
9
What is the thousands digit of 20770?
0
What is the units digit of 4343?
3
What is the tens digit of 5871?
7
What is the thousands digit of 1412?
1
What is the tens digit of 11354?
5
What is the units digit of 28565?
5
What is the hundred thousands digit of 148651?
1
What is the units digit of 49?
9
What is the ten thousands digit of 18192?
1
What is the units digit of 5082?
2
What is the tens digit of 8143?
4
What is the hundreds digit of 3411?
4
What is the units digit of 2513?
3
What is the tens digit of 1389?
8
What is the hundreds digit of 330?
3
What is the tens digit of 629?
2
What is the units digit of 49953?
3
What is the tens digit of 1864?
6
What is the thousands digit of 3915?
3
What is the hundreds digit of 971?
9
What is the hundreds digit of 2081?
0
What is the units digit of 2200?
0
What is the hundreds digit of 1352?
3
What is the units digit of 293?
3
What is the ten thousands digit of 78035?
7
What is the thousands digit of 21000?
1
What is the tens digit of 1286?
8
What is the hundreds digit of 31879?
8
What is the tens digit of 3214?
1
What is the hundreds digit of 2131?
1
What is the ten thousands digit of 23302?
2
What is the units digit of 8288?
8
What is the units digit of 70422?
2
What is the tens digit of 689?
8
What is the units digit of 748?
8
What is the units digit of 19111?
1
What is the units digit of 1087?
7
What is the hundreds digit of 3452?
4
What is the units digit of 57110?
0
What is the units digit of 7045?
5
What is the tens digit of 74769?
6
What is the hundreds digit of 1003?
0
What is the tens digit of 7510?
1
What is the units digit of 870?
0
What is the units digit of 14844?
4
What is the units digit of 670?
0
What is the thousands digit of 3932?
3
What is the units digit of 18164?
4
What is the hundreds digit of 23979?
9
What is the hundreds digit of 31758?
7
What is the units digit of 100?
0
What is the hundreds digit of 37412?
4
What is the thousands digit of 53102?
3
What is the thousands digit of 2570?
2
What is the hundreds digit of 6491?
4
What is the hundreds digit of 2510?
5
What is the ten thousands digit of 24371?
2
What is the thousands digit of 25618?
5
What is the tens digit of 13071?
7
What is the thousands digit of 121181?
1
What is the hundreds digit of 16687?
6
What is the tens digit of 2566?
6
What is the thousands digit of 7790?
7
What is the thousands digit of 53823?
3
What is the hundreds digit of 3800?
8
What is the tens digit of 1317?
1
What is the units digit of 13587?
7
What is the thousands digit of 9643?
9
What is the thousands digit of 120019?
0
What is the units digit of 69115?
5
What is the units digit of 1774?
4
What is the ten thousands digit of 12602?
1
What is the thousands digit of 1486?
1
What is the thousands digit of 1025?
1
What is the thousands digit of 41604?
1
What is the hundreds digit of 2226?
2
What is the units digit of 406?
6
What is the thousands digit of 1615?
1
What is the tens digit of 23569?
6
What is the hundreds digit of 2321?
3
What is the thousands digit of 47921?
7
What is the tens digit of 482?
8
What is the tens digit of 67427?
2
What is the hundreds digit of 1236?
2
What is the ten thousands digit of 16426?
1
What is the hundreds digit of 5990?
9
What is the thousands digit of 2668?
2
What is the units digit of 135209?
9
What is the thousands digit of 2095?
2
What is the units digit of 4015?
5
What is the thousands digit of 5426?
5
What is the thousands digit of 1179?
1
What is the tens digit of 2293?
9
What is the hundred thousands digit of 132239?
1
What is the ten thousands digit of 61458?
6
What is the tens digit of 73801?
0
What is the hundreds digit of 12882?
8
What is the hundreds digit of 36445?
4
What is the units digit of 24644?
4
What is the tens digit of 679?
7
What is the hundreds digit of 4802?
8
What is the hundreds digit of 3490?
4
What is the tens digit of 12654?
5
What is the thousands digit of 2953?
2
What is the tens digit of 4435?
3
What is the hundreds digit of 8637?
6
What is the hundred thousands digit of 127424?
1
What is the tens digit of 3614?
1
What is the tens digit of 193557?
5
What is the ten thousands digit of 32927?
3
What is the thousands digit of 2461?
2
What is the units digit of 8239?
9
What is the hundreds digit of 211?
2
What is the hundreds digit of 49863?
8
What is the tens digit of 1304?
0
What is the units digit of 182114?
4
What is the thousands digit of 81152?
1
What is the tens digit of 159786?
8
What is the ten thousands digit of 143967?
4
What is the units digit of 754?
4
What is the tens digit of 1414?
1
What is the units digit of 5232?
2
What is the units digit of 17766?
6
What is the tens digit of 9919?
1
What is the hundred thousands digit of 139582?
1
What is the tens digit of 152570?
7
What is the tens digit of 1820?
2
What is the hundreds digit of 16819?
8
What is the units digit of 5116?
6
What is the tens digit of 473?
7
What is the ten thousands digit of 153213?
5
What is the thousands digit of 19661?
9
What is the thousands digit of 155428?
5
What is the thousands digit of 2488?
2
What is the ten thousands digit of 83822?
8
What is the hundreds digit of 15072?
0
What is the units digit of 2868?
8
What is the hundreds digit of 18429?
4
What is the units digit of 328?
8
What is the tens digit of 6356?
5
What is the thousands digit of 9214?
9
What is the hundreds digit of 960?
9
What is the units digit of 5497?
7
What is the tens digit of 7162?
6
What is the thousands digit of 35815?
5
What is the tens digit of 556?
5
What is the tens digit of 4756?
5
What is the hundreds digit of 503?
5
What is the thousands digit of 14268?
4
What is the ten thousands digit of 42615?
4
What is the tens digit of 243?
4
What is the units digit of 423?
3
What is the thousands digit of 1194?
1
What is the thousands digit of 8165?
8
What is the thousands digit of 5119?
5
What is the tens digit of 650?
5
What is the units digit of 2529?
9
What is the units digit of 47190?
0
What is the hundreds digit of 4110?
1
What is the hundreds digit of 1078?
0
What is the tens digit of 406?
0
What is the units digit of 2295?
5
What is the units digit of 6376?
6
What is the thousands digit of 25647?
5
What is the units digit of 6482?
2
What is the hundreds digit of 25154?
1
What is the tens digit of 6273?
7
What is the tens digit of 1225?
2
What is the units digit of 62434?
4
What is the hundreds digit of 3051?
0
What is the units digit of 113173?
3
What is the hundred thousands digit of 103748?
1
What is the hundreds digit of 802?
8
What is the hundreds digit of 6983?
9
What is the units digit of 694?
4
What is the tens digit of 835?
3
What is the hundreds digit of 3673?
6
What is the tens digit of 42525?
2
What is the units digit of 681?
1
What is the tens digit of 8514?
1
What is the tens digit of 786?
8
What is the ten thousands digit of 32145?
3
What is the hundreds digit of 23667?
6
What is the ten thousands digit of 114460?
1
What is the tens digit of 29894?
9
What is the tens digit of 1974?
7
What is the tens digit of 4590?
9
What is the tens digit of 2706?
0
What is the tens digit of 287?
8
What is the hundreds digit of 879?
8
What is the thousands digit of 35007?
5
What is the hundreds digit of 23812?
8
What is the tens digit of 37831?
3
What is the tens digit of 1394?
9
What is the hundreds digit of 4516?
5
What is the tens digit of 39007?
0
What is the hundreds digit of 537?
5
What is the tens digit of 16939?
3
What is the thousands digit of 1922?
1
What is the ten thousands digit of 41595?
4
What is the ten thousands digit of 14249?
1
What is the thousands digit of 134059?
4
What is the ten thousands digit of 17801?
1
What is the units digit of 483?
3
What is the tens digit of 336?
3
What is the units digit of 23560?
0
What is the tens digit of 762?
6
What is the units digit of 6081?
1
What is the thousands digit of 1227?
1
What is the 